. Let x be h/(-2) - (-1)/2. Suppose 2*l + x*l + 2 = 0. Determine p(l).
2
Let h(c) = 2*c - 28. Let a be h(15). Suppose -3 = x - a. Let i(k) be the second derivative of 7*k**3/6 - k. Determine i(x).
-7
Let n(z) = -3*z - 3. Suppose -g + 9 = -2*l, 5*l + 20 = -0*l + 2*g. Calculate n(l).
3
Let a be 130/39*6/4. Let v(j) = -j**3 + 6*j**2 - 2*j - 6. Calculate v(a).
9
Let w(i) = i**2 - 7*i + 1. Let a = -3 + 7. Suppose -4*v - 5*p + 16 = -p, -a*v - 5*p = -15. What is w(v)?
-9
Suppose -3*h + 4*h = -1. Suppose 4*i = -2*g + 8, 2*g - 4 = -0*g - 2*i. Let a be (0 + -1)*(g - h). Let j(n) = -3*n**3 + 2*n**2 + n. Give j(a).
4
Let q(c) = 4*c - 6. Let y(m) = 7*m - 12. Suppose 59 = 4*x + x + g, -42 = -2*x - 5*g. Let a(z) = x*q(z) - 6*y(z). Give a(-4).
-2
Let h(y) be the second derivative of -5*y**3/6 - 3*y**2/2 + 3*y. Determine h(-3).
12
Suppose -8 = -3*j + 4. Let n = -2 + j. Let l(t) = -1 + 5*t - t**n + 2 + 0 + 1. What is l(3)?
8
Let q(a) = 4*a + 4*a - 4*a - a. Give q(4).
12
Let h(l) = -l + 4. Let d be h(4). Let q be -2 - (d - (-1 + 1)). Let a(v) = v**3 + 2*v**2 - v - 1. Give a(q).
1
Let x(u) = u - 8. Let r = 70 + -77. Determine x(r).
-15
Let d(l) = -8*l**3 - 5*l**2 - 3*l - 1. Let k(b) = -2*b**2 - b. Let w(o) = -d(o) + 3*k(o). What is w(-1)?
-8
Let b(y) = y**3 + y**2 + 1. Let t = -2 - -2. Let a = t + 0. Suppose 0 = -2*q + 9 - 3, -5*l + 3*q - 9 = a. Calculate b(l).
1
Let x = -2 - 1. Let s = -3 - x. Suppose s = -2*q + 5*q - 9. Let w(a) = -a**3 + 4*a**2 - 4*a + 2. Calculate w(q).
-1
Let a(o) = o**2 + 3*o - 27. Let l be a(-7). Let h(r) = -r + 1 - 3*r**2 - 4*r**3 + 4*r**2 + 0*r. Give h(l).
-3
Let k(d) = 3 - 7*d**2 - d**3 + 6*d**2 - 5*d + 1. Let h(r) = 2*r**3 + 2*r**2 + 9*r - 7. Let i(a) = -4*h(a) - 7*k(a). Calculate i(-1).
1
Let s(n) = -n + 5 + n**3 - 3*n**2 + 3*n - 2*n**2. Let t(k) = -k**2 - 11*k - 4. Let h be t(-7). Let y be ((-2)/4)/((-3)/h). Give s(y).
-3
Let y(q) = q + 1. Let d(n) = 4*n - 3. Let v(x) = -d(x) - 3*y(x). Let z be (2/(-5 + -1))/((-34)/(-102)). Determine v(z).
7
Let t(x) = x - 7. Let d be t(7). Let f(z) = -3*z - 2*z + 7 + 4*z + z**2. Give f(d).
7
Let d(l) = -l**3 + 6*l**2 - l + 2. Let h be (14/(-6))/((-1)/3). Let r(n) = n**2 - 7*n + 6. Let g be r(h). What is d(g)?
-4
Let r(o) be the first derivative of o**2/2 + 2*o + 1. Let b(v) = v**3 + 3*v**2 + v + 4. Let j be b(-3). Let c = -5 + j. Calculate r(c).
-2
Let j = -144 - -138. Let f(l) = -2*l - 1. Determine f(j).
11
Suppose i = 4*i + 15. Let d(m) = m**2 + 6*m + 7. Calculate d(i).
2
Let s(h) be the second derivative of -h**7/840 - h**5/120 - 3*h**4/8 - h**3/2 + 7*h. Let t(j) be the second derivative of s(j). Give t(0).
-9
Let u(x) = -1. Let y(b) = -2*b - 8. Let g(s) = 5*u(s) - y(s). Let o(k) = -2*k + 1. Let l be o(2). What is g(l)?
-3
Let g(n) = -n**2 + 11*n + 13. Let f be g(11). Let t = f + -15. Let z(j) = j**3 + j**2 - 2*j - 3. Determine z(t).
-3
Let n(i) = -i**3 + 3*i - 3. Let g(t) = -t + 2. Let r be g(-3). Suppose 0 = -r*h - 3*c + 1, -3*h - 3*c = -c. Calculate n(h).
-5
Let p(o) = -o + 1. Let k be p(5). Let v = k + 2. Let q = -3 - v. Let g(r) = 7*r**3 + r + 1. Calculate g(q).
-7
Let i(t) = 2*t**3 - t**2 - 2*t + 2. Let y(s) = -s**3 + 2*s**2 + s - 2. Suppose -7 - 7 = -2*z + 5*c, z - c = 1. Let n(r) = z*y(r) - 2*i(r). Calculate n(-4).
-2
Let i(l) be the second derivative of 0 + 1/12*l**4 + 8*l - 1/3*l**3 - 3/2*l**2. Suppose q - 9 = -2*q. Determine i(q).
0
Suppose 0 = t + 2*u - 14, 0*u = 4*t - u - 92. Let p = t - 27. Let q(g) = g**3 + 6*g**2 + 7*g + 2. What is q(p)?
-8
Suppose 0 = -5*s - 1 - 4. Let c be (-2 - (-3 + 3)) + s. Let u(t) = -t**2 - 6*t - 4. Calculate u(c).
5
Let c be (-6)/2*((-32)/12 + 4). Let n(x) = x**2 + x - 2. Calculate n(c).
10
Let s(k) = k**2 + 2*k + 2. Let h be s(-3). Suppose -8 = 3*l + u + 13, -5*l - 45 = h*u. Let o(j) = j + 6. What is o(l)?
0
Let d(v) = v**3 + 5*v**2 + 2*v - 1. Let s be 7 + (0 + 3)/(-3). Let x = s - 10. Let f be (-3 + 8/2)*x. Give d(f).
7
Let c = 14 - 27. Let i = -1 - c. Let v = -8 + i. Let r(f) = -f + 5. Determine r(v).
1
Suppose -6*j = -3*j - 12. Let i(f) = f - 1. Calculate i(j).
3
Let m be (6 - 1)/(0 - -1). Suppose -5*x + m = -15. Let w(l) = l + 0*l + 9 - x. Calculate w(-3).
2
Let g(j) = j**2 - 4 + 3 + 0. Calculate g(0).
-1
Let x(s) = 3*s**3 + 4*s**2 - 3*s + 4. Let j(t) = t**3 + 1. Let h(d) = 4*j(d) - x(d). What is h(2)?
-2
Let s(w) = -w + 9. Let a be (12/(12/4))/2. Let r(y) = y + 1. Let z(j) = a*r(j) - s(j). Give z(5).
8
Let o = -70 - -75. Let x(k) = k - 3. Let b be x(5). Let g(m) = -m**3 - m**2 - b*m + 2*m**3 - 4*m**2 + 7. Determine g(o).
-3
Let r(y) = -6*y - 6 + 40*y**3 + 6*y**2 - 21*y**3 - 18*y**3. Determine r(-7).
-13
Let s be ((-6)/2 - -1)*-2. Suppose 0 = 3*h - s - 5. Suppose -h*k = k - 20. Let w(c) = -c**2 + 6*c - 2. Determine w(k).
3
Let k be 0/(2/(-1) - 0). Suppose k - 8 = -4*y. Let h(n) = -3*n + 2. Give h(y).
-4
Let h(b) = b**2 + 7*b - 3. Let x be 2/8 - 125/20. Determine h(x).
-9
Let l be 4/(-10) - (-12)/5. Let u(k) = 11. Let q(y) = -y + 10. Let c(s) = 3*q(s) - 2*u(s). Let b(o) = 3*o - 7. Let t(j) = 7*b(j) + 6*c(j). Calculate t(l).
5
Let b = -10 + 16. Let a(k) be the second derivative of k**5/20 - 7*k**4/12 + 7*k**3/6 - k**2 + 2*k. Give a(b).
4
Let f = 44 - 48. Let b(n) = -n**2 - 3*n. What is b(f)?
-4
Let b(r) = -2*r - 3. Let n = -49 - -52. Determine b(n).
-9
Suppose -5*a + 3*a + 26 = -4*m, -3*a = -2*m - 3. Let b = m - -4. Let f(l) = -l**2 + l. Let h(p) = -5*p**2 - 2*p + 3. Let x(n) = 4*f(n) - h(n). What is x(b)?
-8
Let u(q) = q**2 + 0 - 3 + q + 8*q. Give u(-9).
-3
Let u(v) = 2*v - 2*v - v + 9 - v**3. What is u(0)?
9
Let z(g) = g**3 - 6*g**2 + 6*g - 5. Let o be z(5). Suppose v - 4 = -2*w, -3 = -2*w - 1. Let s(d) = 1 + 2*d**v + 4*d - 3*d**2 - 3*d - d**3. What is s(o)?
1
Let f(w) = 93*w**2 - 4*w - 47*w**2 - 45*w**2 - 3. Determine f(7).
18
Let g(y) = 17 - 2*y + 6 - 21. Let f = 3 - -3. Calculate g(f).
-10
Let t(c) = 1 + 5*c**2 - 6*c**2 + 1 + c. Let v be t(-2). Let x(z) = -z. Give x(v).
4
Let h(i) = i**2 - 1. Let r(t) = -2. Let n(c) = -h(c) + r(c). Let f(q) = -q**3 + 16*q**2 - 15*q - 2. Let o be f(15). What is n(o)?
-5
Let x(u) = 17*u**2 - 6*u. Let z(j) = -6*j**2 + 2*j. Let w(h) = -4*x(h) - 11*z(h). Calculate w(3).
-12
Let k be (5 + -6)*(2 - 7). Let v(h) = 4*h - 7. Calculate v(k).
13
Let c(a) = a - 5. Suppose 0 = -2*i - 0*i. Calculate c(i).
-5
Suppose -3*j + 2*y = 3*y + 16, 4*j + y + 20 = 0. Let f(o) = 1 - o**2 + 2*o**2 - 4 - 2*o + 4*o. What is f(j)?
5
Let y(c) be the second derivative of -2*c**3/3 - c**2/2 + 2*c. Calculate y(-2).
7
Let k be (0/1)/(-2 + 0). Let u(h) = 2*h - 6. Let m(c) = c - 4. Let q(t) = 3*m(t) - 2*u(t). Calculate q(k).
0
Let c(b) = -2*b - 1. Let o(w) = 2*w + 1. Let h(i) = 5*c(i) + 6*o(i). Let n(v) = v - 6. Suppose -3*l + 4*l - 5 = 0. Let d be n(l). What is h(d)?
-1
Let z = -12 + 14. Suppose 3 = 3*y + n - 3, 0 = 2*y + 5*n + 9. Let m = z - y. Let v(w) = w**2 - w - 1. Determine v(m).
1
Let w(u) = u. Suppose 4*v - 88 = 2*p, v - 3*p - 37 = -5. Let t = 22 - v. Determine w(t).
2
Let g(v) be the third derivative of -v**5/15 + v**4/24 + v**2. Calculate g(-1).
-5
Let f(m) = -5*m**3 + m**2 + 3*m - 6. Let y(u) = u**3 + 1. Let b(r) = f(r) + 4*y(r). Calculate b(2).
0
Let g(m) be the third derivative of -m**6/120 + m**5/60 - 5*m**3/3 + 6*m**2. Let j = 3 - 3. Give g(j).
-10
Let v(i) be the first derivative of -i**3/6 - i**2 + 3*i - 1. Let g(r) be the first derivative of v(r). Determine g(-4).
2
Let a(z) = -z. Suppose 4*l = 2*g + 28, g - 3*l + 11 = 2*l. Let d = g - -10. Calculate a(d).
6
Let n(z) be the first derivative of z**7/840 + z**6/360 + z**5/30 + z**4/8 - 4*z**3/3 - 1. Let g(l) be the third derivative of n(l). What is g(-2)?
-9
Let q(l) = 2*l**2 - 30*l - 5. Let g be q(15). Let a(y) = 8*y**2 + 3 + 2*y - y**2 + y**3 - 2*y**2. What is a(g)?
-7
Let p(k) = -k**2 - 2*k - 3. Let s(m) = 3*m**2 - 14*m - 7. Let w be s(5). Determine p(w).
-3
Let m = -21 + 24. Let r(q) be the third derivative of q**6/120 - q**5/20 - q**4/12 + q**3/6 + q**2. Calculate r(m).
-5
Suppose 0 = 5*r - 6 + 16. Let q = 13 - 9. Let k(f) = q*f + 8 - 8. Give k(r).
-8
Let c be (-4)/(-6) + (-64)/(-12). Let o(y) = y - 1. Let j(n) = -5*n + 7. Let x(u) = -j(u) - 4*o(u). What is x(c)?
3
Let f = -46 - -49. Let v(s) = -1 + 6*s - 2 - 1. Give v(f).
14
Let j be ((-2)/3)/(10/120). Let g(s) = -s**3 - 8*s